95 is divided by 365029.
22
What is the remainder when 243009 is divided by 11545?
564
Calculate the remainder when 341121 is divided by 170543.
35
What is the remainder when 437163 is divided by 71?
16
What is the remainder when 41307913 is divided by 318?
31
What is the remainder when 22269 is divided by 588?
513
Calculate the remainder when 28054349 is divided by 1476544.
13
Calculate the remainder when 291094931 is divided by 79.
76
Calculate the remainder when 771239 is divided by 120.
119
Calculate the remainder when 815708 is divided by 101921.
340
What is the remainder when 2534646 is divided by 422402?
234
What is the remainder when 1167975 is divided by 4127?
34
What is the remainder when 3331603 is divided by 28?
23
Calculate the remainder when 13999837 is divided by 6999870.
97
Calculate the remainder when 575027737 is divided by 169.
167
What is the remainder when 5493934 is divided by 2746956?
22
What is the remainder when 10229722 is divided by 7?
6
Calculate the remainder when 151257 is divided by 1969.
1613
Calculate the remainder when 29584141 is divided by 1344.
13
What is the remainder when 1063992 is divided by 19?
11
What is the remainder when 10424199 is divided by 79?
70
What is the remainder when 701778 is divided by 45?
3
What is the remainder when 12916308 is divided by 8285?
8278
Calculate the remainder when 1250736861 is divided by 17.
9
Calculate the remainder when 9226944 is divided by 5.
4
Calculate the remainder when 363671 is divided by 8651.
329
Calculate the remainder when 22807060 is divided by 19328.
20
Calculate the remainder when 52731945 is divided by 176.
57
Calculate the remainder when 645499553 is divided by 9943.
9936
What is the remainder when 2231845 is divided by 138?
109
What is the remainder when 88055 is divided by 41?
28
What is the remainder when 13393 is divided by 403?
94
Calculate the remainder when 58677 is divided by 4190.
17
Calculate the remainder when 27464 is divided by 13720.
24
What is the remainder when 102778 is divided by 15630?
8998
Calculate the remainder when 820279 is divided by 54682.
49
Calculate the remainder when 249930 is divided by 642.
192
What is the remainder when 1730971 is divided by 576871?
358
Calculate the remainder when 60460427 is divided by 131.
128
What is the remainder when 376861814 is divided by 4455?
4454
What is the remainder when 18014 is divided by 8307?
1400
What is the remainder when 2298656 is divided by 118?
16
What is the remainder when 49792 is divided by 457?
436
Calculate the remainder when 32712 is divided by 10885.
57
Calculate the remainder when 4014959 is divided by 2007442.
75
What is the remainder when 1559059 is divided by 119906?
281
What is the remainder when 7090382 is divided by 8689?
158
Calculate the remainder when 6004368 is divided by 327.
321
Calculate the remainder when 9294 is divided by 1328.
1326
Calculate the remainder when 599163 is divided by 1926.
177
What is the remainder when 178110 is divided by 43979?
2194
What is the remainder when 22455533 is divided by 1953?
1892
What is the remainder when 153375360 is divided by 10946?
8
What is the remainder when 84309535 is divided by 2787?
2785
What is the remainder when 8403597 is divided by 24?
21
What is the remainder when 2298925966 is divided by 9616?
9614
Calculate the remainder when 6454252 is divided by 129.
124
What is the remainder when 603151 is divided by 184?
183
Calculate the remainder when 72692 is divided by 36208.
276
What is the remainder when 2118076 is divided by 4450?
4326
Calculate the remainder when 55961411 is divided by 5596139.
21
Calculate the remainder when 514905 is divided by 5987.
23
Calculate the remainder when 89733 is divided by 2717.
72
Calculate the remainder when 61365614 is divided by 62.
60
Calculate the remainder when 87070 is divided by 528.
478
What is the remainder when 36978216 is divided by 1420?
1416
What is the remainder when 467059 is divided by 1770?
1549
What is the remainder when 2986227 is divided by 53?
48
What is the remainder when 250120 is divided by 9980?
620
Calculate the remainder when 885202 is divided by 172.
90
Calculate the remainder when 779102 is divided by 1815.
467
What is the remainder when 999405 is divided by 999237?
168
Calculate the remainder when 126462913 is divided by 34.
15
What is the remainder when 52645274 is divided by 100853?
8
What is the remainder when 490291 is divided by 158?
17
Calculate the remainder when 10246759 is divided by 5123372.
15
Calculate the remainder when 15182028 is divided by 174506.
6
Calculate the remainder when 49733 is divided by 17.
8
Calculate the remainder when 20335 is divided by 20310.
25
Calculate the remainder when 344680 is divided by 68935.
5
What is the remainder when 874410 is divided by 437175?
60
Calculate the remainder when 180578 is divided by 29353.
4460
What is the remainder when 298824957 is divided by 4?
1
What is the remainder when 407259 is divided by 2026?
33
Calculate the remainder when 84030 is divided by 84022.
8
Calculate the remainder when 5410331 is divided by 171.
62
Calculate the remainder when 6003408 is divided by 21.
12
Calculate the remainder when 33518155 is divided by 1148.
1147
What is the remainder when 13399446 is divided by 39?
21
Calculate the remainder when 2704272 is divided by 284.
24
Calculate the remainder when 430814 is divided by 2354.
32
Calculate the remainder when 10931848 is divided by 5465923.
2
What is the remainder when 5568334 is divided by 78425?
159
Calculate the remainder when 16599610 is divided by 22896.
10
Calculate the remainder when 16663 is divided by 1075.
538
Calculate the remainder when 142292 is divided by 1142.
684
What is the remainder when 560807 is divided by 92782?
4115
Calculate the remainder when 663167 is divided by 2112.
2111
Calculate the remainder when 43454 is divided by 13381.
3311
Calculate the remainder when 215823 is divided by 128.
15
Calculate the remainder when 15047818 is divided by 205.
203
Calculate the remainder when 2124032 is divided by 14351.
84
Calculate the remainder when 689779 is divided by 791.
27
Calculate the remainder when 1153528 is divided by 1627.
1612
Calculate the remainder when 812542 is divided by 270818.
88
Calculate the remainder when 16097688 is divided by 6674.
0
Calculate the remainder when 231827 is divided by 3898.
1845
Calculate the remainder when 18020440 is divided by 102.
100
What is the remainder when 36579078 is divided by 507?
42
Calculate the remainder when 385718537 is divided by 22.
17
Calculate the remainder when 9234681 is divided by 23.
20
What is the remainder when 335965 is divided by 47992?
21
What is the remainder when 550334 is divided by 18977?
1
Calculate the remainder when 7276022 is divided by 196649.
9
Calculate the remainder when 159368468 is divided by 612.
608
Calculate the remainder when 1298046 is divided by 118001.
35
Calculate the remainder when 198251 is divided by 99124.
3
What is the remainder when 743887 is divided by 128?
79
Calculate the remainder when 82904 is divided by 10359.
32
What is the remainder when 2686068 is divided by 1524?
780
What is the remainder when 1476246 is divided by 2942?
2304
Calculate the remainder when 919755 is divided by 28742.
11
Calculate the remainder when 2824621 is divided by 484.
481
What is the remainder when 129891 is divided by 64887?
117
What is the remainder when 19003861 is divided by 18?
1
What is the remainder when 3026115 is divided by 605171?
260
Calculate the remainder when 324056 is divided by 1573.
18
What is the remainder when 3694098 is divided by 1231366?
0
Calculate the remainder when 311737 is divided by 51881.
451
What is the remainder when 61481639 is divided by 12296327?
4
What is the remainder when 7540711 is divided by 1256783?
13
What is the remainder when 200191 is divided by 2600?
2591
What is the remainder when 58209 is divided by 4484?
4401
Calculate the remainder when 1996251 is divided by 39.
36
What is the remainder when 1684794 is divided by 187193?
57
What is the remainder when 1111500 is divided by 14?
12
What is the remainder when 762082 is divided by 198?
178
What is the remainder when 1457077 is divided by 152?
5
Calculate the remainder when 3174